36
Convert -100011010111111000011 (base 2) to base 16.
-11afc3
17d58 (base 14) to base 16
eb5a
Convert 134a41 (base 11) to base 16.
33a61
-30ee7b (base 16) to base 6
-152422111
What is 119372 (base 14) in base 8?
2227030
Convert 14022846 (base 9) to base 8.
32323343
What is -11111001100110110 (base 2) in base 8?
-371466
199b48 (base 12) to base 5
103441043
Convert -bac40 (base 13) to base 11.
-211124
Convert 420641 (base 7) to base 12.
35a55
Convert 152670 (base 13) to base 8.
1766655
23511 (base 9) to base 16
3d6c
Convert 2021101201 (base 3) to base 14.
12450
7525b5 (base 14) to base 7
45455215
Convert -1130121223 (base 5) to base 10.
-2582688
6135270 (base 8) to base 4
12023222320
Convert -201210012221201 (base 3) to base 14.
-157a03b
What is 106051 (base 8) in base 3?
1211012221
1011110010000011111011 (base 2) to base 5
1242314020
Convert -103021033231 (base 4) to base 2.
-10011001001001111101101
Convert 2632958 (base 10) to base 14.
4c7766
-16826 (base 16) to base 14
-25858
What is 1750730 (base 8) in base 16?
7d1d8
Convert 34204 (base 9) to base 10.
22765
Convert 48a4aa (base 11) to base 3.
1110101102211
-100330111 (base 4) to base 14
-1b40d
What is 8a91533 (base 11) in base 14?
21847bd
What is -13211422 (base 5) in base 4?
-200100100
Convert -5520040 (base 6) to base 8.
-1030530
Convert 22020300010 (base 4) to base 10.
2657284
Convert -11020200202 (base 3) to base 14.
-22684
What is -100100010101011011001 (base 2) in base 14?
-22dc81
Convert -9db2 (base 15) to base 4.
-20022323
Convert 1432475 (base 8) to base 14.
a83a5
-122541 (base 11) to base 3
-100211122001
Convert -eb31 (base 15) to base 12.
-24977
Convert a575c (base 14) to base 6.
12320434
-34001643 (base 7) to base 11
-172a319
What is 110011020110 (base 3) in base 10?
239286
Convert -a646dc (base 15) to base 14.
-109d829
Convert 641524 (base 7) to base 2.
11011000111001100
What is -1524a (base 11) in base 15?
-65e7
b271c7 (base 13) to base 8
17667200
Convert -7a2b (base 14) to base 4.
-11023113
What is 4a3b7b (base 12) in base 16?
1274cf
What is -78b1 (base 16) in base 4?
-13202301
What is -2532326 (base 7) in base 3?
-121122002112
110101010001011 (base 2) to base 16
6a8b
Convert -200143211 (base 5) to base 3.
-1110222222111
What is 10210100211 (base 3) in base 9?
123324
Convert -21011311302 (base 4) to base 11.
-1388602
Convert b72b5 (base 14) to base 7.
3521415
Convert 409d24 (base 14) to base 10.
2178572
What is -11020113133 (base 4) in base 11?
-83956a
What is -20104003 (base 5) in base 12?
-78632
Convert 1201200 (base 4) to base 8.
14140
Convert 1300031340 (base 5) to base 3.
12212212120100
What is 1100333120 (base 4) in base 15?
6845b
What is 20420444 (base 5) in base 7?
1305663
Convert -31141 (base 6) to base 16.
-1045
-1343773 (base 8) to base 6
-12042015
What is -201210220 (base 4) in base 8?
-414450
Convert -10221120211 (base 3) to base 14.
-20461
Convert 17446a (base 11) to base 10.
269422
What is -12b98a (base 15) in base 9?
-1621384
Convert 15a201 (base 11) to base 6.
5151133
Convert -5043433 (base 7) to base 14.
-11848a
102138 (base 12) to base 15
4ec1b
What is -139c7 (base 14) in base 4?
-23313023
35c32 (base 13) to base 2
11000000110110001
-11013300 (base 4) to base 5
-1132401
b265a (base 13) to base 6
10503514
What is -3011340 (base 6) in base 12?
-69b50
What is -10221210021 (base 3) in base 6?
-1400224
Convert -27262 (base 9) to base 10.
-18443
Convert 203423004 (base 5) to base 14.
17cd30
-38408 (base 15) to base 7
-1346102
9ff5 (base 16) to base 13
1583c
What is 2234b4b (base 12) in base 7?
106410131
Convert -95cf8 (base 16) to base 4.
-2111303320
Convert 294a9 (base 12) to base 6.
1123133
-7ffe2 (base 16) to base 11
-328979
What is 24c67b (base 14) in base 7?
13511514
Convert -441174 (base 9) to base 6.
-5351021
Convert 192171 (base 14) to base 4.
3121020013
-32206431 (base 7) to base 9
-5138053
13526137 (base 8) to base 12
1036167
Convert 1685a38 (base 12) to base 14.
8925d2
What is -4565648 (base 9) in base 7?
-26643164
What is 14b9cc (base 16) in base 10?
1358284
Convert -66a283 (base 12) to base 6.
-55013443
Convert 26461 (base 11) to base 4.
21032323
-44370144 (base 8) to base 5
-4422024020
23105550 (base 6) to base 14
1464c2
739a69 (base 12) to base 14
35594d
What is -134140 (base 8) in base 9?
-71664
7ec90 (base 15) to base 12
176090
-534445140 (base 6) to base 9
-18721306
What is 1001001000010000110011 (base 2) in base 16?
248433
What is 1011003123212 (base 4) in base 7?
306602324
Convert 5047280 (base 9) to base 8.
12203422
Convert b63985 (base 12) to base 3.
12101201100202
What is -315634 (base 8) in base 16?
-19b9c
234433 (base 8) to base 14
212d5
What is 338079 (base 10) in base 4?
1102202133
Convert -10201212 (base 5) to base 11.
-58590
-1001000000000010001 (base 2) to base 5
-33414204
Convert -6016660 (base 8) to base 16.
-181db0
1011100110101010 (base 2) to base 12
2360a
Convert -5500011 (base 7) to base 11.
-41a111
-34131546 (base 8) to base 15
-9ad673
Convert -348280 (base 9) to base 13.
-74451
-546386 (base 11) to base 13
-247041
Convert -110001010111010110 (base 2) to base 5.
-22432243
What is -2625623 (base 8) in base 5?
-141411201
What is -129833 (base 11) in base 8?
-615064
214b2 (base 14) to base 13
2a857
2512554 (base 6) to base 14
36c50
Convert -1000100111001001110 (base 2) to base 3.
-112100002111
Convert -11001122211120 (base 3) to base 5.
-1023032244
What is -4679329 (base 10) in base 2?
-10001110110011010100001
-8ceda (base 15) to base 16
-6d957
What is -11032321 (base 4) in base 13?
-99a9
Convert 151534245 (base 6) to base 7.
35641031
What is 22536 (base 12) in base 3?
2022200020
-311133320 (base 4) to base 3
-102010120212
What is 153dc4 (base 14) in base 7?
6203634
What is -ac457 (base 14) in base 12?
-181a51
What is 210004 (base 8) in base 7?
410010
Convert -8810387 (base 9) to base 6.
-245221511
Convert 287678 (base 10) to base 16.
463be
230264 (base 8) to base 15
181a4
a9b33 (base 12) to base 2
110110110100010111
-699d (base 14) to base 2
-100011110111111
Convert -1462225 (base 7) to base 13.
-700c3
30d78 (base 14) to base 6
2305502
13215525 (base 6) to base 3
211020212022
What is 1110020101221 (base 3) in base 12?
312b2a
Convert -365067 (base 9) to base 11.
-1404aa
Convert 11022011122101 (base 3) to base 5.
1041132423
-12872 (base 11) to base 5
-1041400
Convert 20e8c1 (base 16) to base 15.
2c9077
1111211001200 (base 3) to base 14
16cadd
Convert 13525320 (base 6) to base 2.
1110000111011110000
What is -1d669 (base 14) in base 5?
-4402412
What is 233064 (base 13) in base 11?
520339
Convert 203771 (base 9) to base 16.
1d854
What is -5736234 (base 10) in base 16?
-57872a
-324030 (base 8) to base 6
-2154344
What is -1429967 (base 11) in base 7?
-26615505
What is -a474a (base 11) in base 7?
-1204000
What is -10034000 (base 5) in base 3?
-11002102111
Convert 357417 (base 13) to base 6.
43140223
Convert -7433174 (base 8) to base 7.
-22554451
Convert -fabf1 (base 16) to base 12.
-416441
Convert 2272445 (base 9) to base 7.
13305206
-243440 (base 8) to base 11
-57a11
Convert -45345160 (base 7) to base 14.
-7495a0
3d312c (base 15) to base 14
569bc6
-41735a (base 11) to base 15
-d317a
Convert 121203203230 (base 4) to base 5.
3203333434
Convert 1415035 (base 7) to base 2.
101110001001011011
-9c71 (base 13) to base 2
-101010110000101
Convert -22ac274 (base 13) to base 11.
-60545a1
1594704 (base 11) to base 9
5086850
What is -c56733 (base 15) in base 16?
-8f3dea
-1202021111201 (base 3) to base 6
-31540114
What is 1023906 (base 10) in base 11?
63a304
a5ba8e (base 16) to base 5
10240024243
Convert -18a8d (base 14) to base 10.
-62453
What is 50323025 (base 7) in base 14?
7a91bc
Convert 5453366 (base 7) to base 6.
22155502
-32101200010 (base 4) to base 6
-212110404
-128727 (base 11) to base 9
-336805
Convert 102331000 (base 4) to base 13.
29449
What is 2044 (base 11) in base 12?
169a
15724 (base 15) to base 3
10111210121
-d5b3 (base 14) to base 10
-36809
-3220510 (base 7) to base 4
-1133212333
Convert 663b (base 15) to base 10.
21656
Convert -5515142 (base 7) to base 4.
-2211021323
-f3c8 (base 16) to base 8
-171710
4523020 (base 6) to base 2
110111110110010100
What is -3541441 (base 7) in base 11?
-285a54
What is -21030013130 (base 4) in b